(15).
1
Let j(c) = 46*c**2 - 194*c - 212. What is j(-7)?
3400
Let l(k) = 416*k**2 - 90270*k - 443. What is l(217)?
-9
Let n(z) = -4*z**2 - 313*z - 108. Give n(-68).
2680
Let i(k) = -31*k - 4614. Calculate i(-146).
-88
Let m(d) = -26*d**2 + 7044*d + 43194. Give m(-6).
-6
Let o(s) = s**3 - 76*s**2 + 43*s - 4721. Give o(76).
-1453
Let z(r) = r**2 + 1338*r + 42518. Give z(-33).
-547
Let h(z) = z**2 + 477*z - 21314. Calculate h(41).
-76
Let i(g) = 6*g**3 + 60*g**2 - 102*g + 95. Give i(-12).
-409
Let b(z) = -7*z**2 + 182*z - 1227. Give b(9).
-156
Let m(p) = -p**2 - 47192*p - 235942. Determine m(-5).
-7
Let b(r) = -529*r + 15913. What is b(30)?
43
Let f(q) = 11064*q - 2423011. What is f(219)?
5
Let x(o) = -69615*o - 417570. What is x(-6)?
120
Let u(j) = j**2 + 204*j - 6721. Give u(29).
36
Let p(u) = -8*u**2 + 1121*u - 12755. What is p(129)?
-1274
Let p(r) = 15793*r + 78745. Calculate p(-5).
-220
Let f(w) = 3*w**2 - 210*w + 33. Determine f(70).
33
Let w(q) = 2*q**3 - 137*q**2 + 49*q - 910. Calculate w(68).
-2202
Let o(m) = -m**2 + 430*m - 38399. Determine o(125).
-274
Let x(a) = -a**3 + 95*a**2 + 1898*a - 112. Determine x(-17).
-10
Let j(v) = 4*v**3 + 138*v**2 + 52*v - 236. Calculate j(-34).
308
Let m(u) = -u**3 - 64*u**2 + 231*u - 2818. Determine m(-68).
-30
Let a(b) = 25*b**2 + 174*b - 188. Give a(-7).
-181
Let l(z) = -221*z**2 - 12*z - 48. Give l(-3).
-2001
Let z(f) = -5*f**2 - 128*f - 152. Give z(0).
-152
Let q(b) = 4674*b + 1070334. Calculate q(-229).
-12
Let z(q) = q**3 - 117*q**2 - 12303*q + 1593. Calculate z(-67).
-82
Let p(n) = -8*n**2 - 151*n + 1522. Give p(12).
-1442
Let o(c) = -c**2 - 11888*c - 178102. Give o(-15).
-7
Let z(c) = 3*c**3 + 24*c**2 - 20*c - 38. What is z(-8)?
122
Let w(q) = -q**3 + 3*q**2 - 7. Calculate w(4).
-23
Let v(b) = 5*b**2 + 454*b + 904. Calculate v(-2).
16
Let d(t) = -t**3 + 3*t**2 - 10732*t + 53644. What is d(5)?
-66
Let n(p) = -774*p**2 - 6188*p + 203. What is n(-8)?
171
Let a(f) = -f**3 - 436*f**2 - 1758*f - 12867. Determine a(-432).
93
Let n(r) = 303*r - 3052. Determine n(-16).
-7900
Let d(q) = -369*q**3 + 4*q**2 + 227*q + 221. What is d(-1)?
367
Let f(a) = 5125*a + 158818. Give f(-31).
-57
Let k(s) = -71*s**2 - 94*s - 331. Calculate k(-4).
-1091
Let b(o) = 7*o**3 + 785*o**2 + 116*o + 64. Calculate b(-112).
-384
Let y(r) = -4*r**2 + 112*r + 545. What is y(-12)?
-1375
Let r(w) = 23*w**3 + 395*w**2 - 7*w - 1277. What is r(-17)?
-2
Let i(a) = -4111*a - 45. Give i(0).
-45
Let g(h) = -18*h**2 + 1899*h - 20186. Give g(12).
10
Let z(a) = -2*a**2 - 59023*a + 295200. Determine z(5).
35
Let f(s) = -27*s**3 - 11*s**2 - 10*s - 2. Determine f(-2).
190
Let w(v) = -5467*v + 912990. Determine w(167).
1
Let z(h) = h**3 - 3*h**2 - 149*h - 156. What is z(-6)?
414
Let z(d) = -2*d**2 + 46*d - 195. Determine z(9).
57
Let x(u) = -6647*u + 518429. What is x(78)?
-37
Let h(o) = 2*o**2 - 41592*o - 874331. What is h(-21)?
-17
Let i(d) = 2*d**3 + 170*d**2 - 4950*d + 1912. Calculate i(-108).
-32
Let b(z) = 972*z + 174960. Give b(-180).
0
Let u(s) = -361057*s + 1805273. Determine u(5).
-12
Let z(x) = -x**3 + x**2 + 96*x - 1667. What is z(0)?
-1667
Let u(g) = 9*g**2 - 245*g + 2921. Give u(12).
1277
Let m(p) = -518*p**2 + 1523*p - 19. Calculate m(2).
955
Let g(u) = 702*u - 73007. What is g(104)?
1
Let w(f) = 3*f - 1719. Give w(402).
-513
Let y(i) = -3*i**3 - 27*i**2 + 82*i + 1102. Determine y(-13).
2064
Let x(p) = -281*p + 13339. Give x(48).
-149
Let g(i) = -3*i**3 - 599*i**2 - 994*i - 138. Give g(-198).
654
Let y(c) = 1303*c + 1157. Determine y(-2).
-1449
Let r(l) = -37583*l - 2330166. Give r(-62).
-20
Let z(p) = 2*p**3 + 163*p**2 - 74*p + 741. Calculate z(-82).
85
Let x(i) = -3802*i + 114064. What is x(30)?
4
Let z(x) = x**2 - 935*x - 84420. Determine z(-83).
74
Let d(h) = h**2 - 206*h - 4107. Give d(-18).
-75
Let p(h) = 1017*h + 32375. Give p(-32).
-169
Let w(l) = -l**3 - 60*l**2 - 765*l + 104. Calculate w(-19).
-162
Let k(o) = 15072*o + 165816. What is k(-11)?
24
Let c(t) = 5*t**2 - 266*t + 2779. What is c(16)?
-197
Let k(r) = 67*r**3 - 3557*r**2 + 302*r + 877. Calculate k(53).
29
Let q(u) = -u**2 - 939*u - 34034. Give q(-37).
-660
Let m(y) = -8006*y - 864662. Determine m(-108).
-14
Let t(a) = a**3 + 35*a**2 + 2430*a + 92644. Calculate t(-37).
-4
Let d(v) = 11607*v - 45530. Calculate d(4).
898
Let z(t) = 90*t**3 - 2*t**2 - 479*t - 476. Calculate z(-1).
-89
Let m(t) = -t**3 + 21*t**2 + 7*t + 319. Calculate m(22).
-11
Let h(v) = -34*v**3 + 12*v**2 + 2*v - 10. Determine h(-1).
34
Let x(j) = -26806*j - 107225. Calculate x(-4).
-1
Let z(y) = -6*y**3 - 1170*y**2 - 70*y - 13484. What is z(-195)?
166
Let c(b) = -5*b**3 + 1111*b**2 + 3340*b + 4. What is c(-3)?
118
Let x(z) = 3516*z + 1448591. Give x(-412).
-1
Let f(t) = -t**3 - 26*t**2 + 7723*t - 36210. What is f(73)?
-2
Let d(w) = w**3 + 71*w**2 + 32*w - 15930. Determine d(-67).
-118
Let t(d) = -5264*d + 947317. Determine t(180).
-203
Let z(f) = -10*f**3 - 497*f**2 - 347*f - 54. Calculate z(-49).
142
Let y(z) = -1692*z**2 - 65990*z - 73. Give y(-39).
5
Let r(w) = w**3 - 102*w**2 + 929*w + 6886. Calculate r(91).
334
Let j(f) = -203*f - 50911. Give j(-251).
42
Let y(r) = 5*r**3 - 8*r**2 - 79*r + 88. Determine y(-5).
-342
Let h(a) = -2*a**2 - 84*a + 10103. What is h(53)?
33
Let z(y) = -12*y**3 - 179*y**2 + 2248*y + 33497. Calculate z(-15).
2
Let c(k) = 4519*k - 2444777. Calculate c(541).
2
Let o(s) = 253*s - 45491. Calculate o(179).
-204
Let s(y) = -23*y**3 - 736*y**2 - 35*y - 1026. Give s(-32).
94
Let o(p) = 206*p + 11465. Give o(-56).
-71
Let f(v) = 9*v**2 - 41*v + 92. Calculate f(3).
50
Let i(p) = -2*p**2 + 305*p + 85801. Determine i(297).
-32
Let o(a) = 159*a**3 + 2638*a - 2638. Give o(1).
159
Let w(u) = 3195*u - 316301. Give w(99).
4
Let p(x) = -1920*x**2 - 26872*x + 161. Calculate p(-14).
49
Let a(i) = -223922*i + 2463144. What is a(11)?
2
Let x(s) = s**3 - 49*s**2 - 2850*s - 4752. Calculate x(-33).
0
Let k(i) = 2*i**3 + 2*i**2 - 17*i - 96. Determine k(-6).
-354
Let u(k) = 680*k - 1642. Determine u(4).
1078
Let l(v) = -v**2 - 417*v - 11701. What is l(-29)?
-449
Let c(i) = -4*i**2 + 352*i - 5808. What is c(66)?
0
Let x(y) = -3*y**2 - 502*y + 13809. Determine x(-201).
-6492
Let j(u) = -168997*u + 6928847. Give j(41).
-30
Let n(v) = v**3 + 27*v**2 + 1105*v + 65023. Give n(-40).
23
Let g(u) = -2*u**2 + 87*u - 557. Calculate g(36).
-17
Let t(y) = 4754*y + 565723. Determine t(-119).
-3
Let m(n) = 5*n**3 - 49*n**2 - 12*n - 247. Calculate m(10).
-267
Let z(y) = -11833*y - 82793. Give z(-7).
38
Let f(k) = -2*k**3 - 525*k**2 - 332*k - 18939. Calculate f(-262).
-599
Let k(y) = -19119*y - 76498. Determine k(-4).
-22
Let d(u) = -8*u**2 - 1149*u + 21851. Calculate d(17).
6
Let k(b) = -24540*b - 3705539. Give k(-151).
1
Let b(t) = -31*t**2 + 110*t - 483. Give b(4).
-539
Let q(s) = -s**2 - 57127*s + 857115. What is q(15)?
-15
Let d(r) = -8*r**3 + 56*r**2 + 1083*r + 1080. Calculate d(16).
-24
Let y(h) = 30*h**2 - 536*h + 1661. What is y(4)?
-3
Let k(p) = 123*p**3 + 163*p**2 + 20*p - 2. Calculate k(-2).
-374
Let y(o) = -128*o**3 + 2*o**2 - 10*o + 10. Give y(1).
-126
Let l(n) = 817*n - 56716. What is l(70)?
474
Let p(n) = -3*n**3 + 3*n**2 + 190*n + 127. Give p(9).
-107
Let x(a) = -a**3 - 665*a**2 - 1612*a - 189649. Calculate x(-663).
-31
Let i(p) = 3*p**3 + 73*p**2 - 12684*p - 25641. Give i(-2).
-5
Let i(h) = -4*h**2 + 39*h + 214. Give i(14).
-24
Let z(a) = -386*a - 3498. What is z(-5)?
-1568
Let v(i) = i**3 + 85*i**2 - 463*i - 52142. Calculate v(-83).
65
Let g(q) = 3*q**2 - 1028*q + 67804. What is g(251)?
-1221
Let g(f) = f**3 + 309*f**2 - 615*f + 2150. What is g(-311)?
-27
Let b(q) = q**3 - 28*q**2 + 59*q - 19030. Give b(39).
2
Let t(p) = -2*p**3 + 159*p**2 - 3023*p - 6. What is t(48)?
42
Let r(s) = 51476*s - 257389. Calculate r(5).
-9
Let y(b) = -591*b + 21034. What is y(33)?
1531
Let l(x) = -43156*x - 431532. Calculate l(-10).
28
Let f(t) = -99887*t - 698498. Determine f(-7).
711
Let p(g) = 531608*g - 3721245. What is p(7)?
11
Let d(o) = -o**3 + 109*o**2 + 91*o + 2087. Determine d(110).
-3
Let y(z) = -3*z**2 + 9439*z - 735911. What is y(80)?
9
Let z(r) = -2637*r - 2035778. Give z(-772).
-14
Let d(k) = -k**3 + 6*k**2 + 1469*k - 4435. Calculate d(3).
-1
Let f(x) = -6518*x + 143388. What is f(22)?
-8
Let a(m